of 36764167.
11, 41, 81517
List the prime factors of 1372554654.
2, 3, 1129, 202621
List the prime factors of 1083836159.
7, 109, 1420493
What are the prime factors of 58975012?
2, 19, 775987
What are the prime factors of 3738172122?
2, 3, 207676229
What are the prime factors of 118310180?
2, 5, 5915509
List the prime factors of 768175450.
2, 5, 7, 241, 1301
List the prime factors of 532072828.
2, 7, 83, 283, 809
What are the prime factors of 462842777?
23, 83, 242453
List the prime factors of 272544862.
2, 4243, 32117
List the prime factors of 1306584832.
2, 7, 53, 13757
List the prime factors of 5510619048.
2, 3, 11, 1609, 12973
List the prime factors of 321008845.
5, 7933, 8093
List the prime factors of 71644637.
103, 127, 5477
What are the prime factors of 275181931?
67, 173, 23741
What are the prime factors of 2215343958?
2, 3, 1483, 248971
List the prime factors of 63815218.
2, 31907609
What are the prime factors of 1107210974?
2, 553605487
List the prime factors of 995177389.
47, 21173987
List the prime factors of 3192852881.
83, 173, 229, 971
What are the prime factors of 32457978?
2, 3, 7, 41, 61, 103
List the prime factors of 119085253.
7, 191, 89069
What are the prime factors of 7680048?
2, 3, 160001
List the prime factors of 1687686962.
2, 13, 23, 43, 65633
List the prime factors of 1742013341.
17, 102471373
List the prime factors of 189289397.
11, 43, 199, 2011
What are the prime factors of 188162456?
2, 23520307
List the prime factors of 343297671.
3, 1427, 80191
What are the prime factors of 1117008603?
3, 263, 157303
List the prime factors of 1909927501.
29, 65859569
List the prime factors of 72523288.
2, 9065411
What are the prime factors of 2916860974?
2, 181, 8057627
List the prime factors of 1170020363.
103, 157, 72353
List the prime factors of 14710814.
2, 17, 73, 5927
List the prime factors of 4223829.
3, 787, 1789
List the prime factors of 3581076305.
5, 716215261
What are the prime factors of 304257402?
2, 3, 16903189
What are the prime factors of 161279479?
11597, 13907
What are the prime factors of 29636671?
1567, 18913
What are the prime factors of 213778349?
17, 173, 72689
What are the prime factors of 4557185972?
2, 103, 2339, 4729
List the prime factors of 2029276859.
17, 229, 383, 1361
What are the prime factors of 181006918?
2, 23, 661, 5953
What are the prime factors of 124310299?
3181, 39079
List the prime factors of 5018980037.
83, 60469639
What are the prime factors of 1296394634?
2, 648197317
What are the prime factors of 561966811?
7, 80280973
What are the prime factors of 59011485?
3, 5, 13, 37, 8179
List the prime factors of 355660145.
5, 17, 19, 191, 1153
What are the prime factors of 519088463?
67, 7747589
What are the prime factors of 13958831?
29, 163, 2953
List the prime factors of 188671011.
3, 89, 706633
List the prime factors of 1873318714.
2, 17117, 54721
What are the prime factors of 36620466?
2, 3, 1489, 4099
What are the prime factors of 146677164?
2, 3, 23, 113, 4703
List the prime factors of 4049932349.
31, 130642979
What are the prime factors of 94005144?
2, 3, 31, 101, 139
List the prime factors of 53599138.
2, 641, 41809
What are the prime factors of 349888678?
2, 43, 4068473
What are the prime factors of 93611576?
2, 61, 191827
List the prime factors of 1148985378.
2, 3, 23, 925109
What are the prime factors of 406589452?
2, 71, 1163, 1231
List the prime factors of 3557440207.
3557440207
What are the prime factors of 2404512444?
2, 3, 200376037
What are the prime factors of 2029051536?
2, 3, 23, 59, 31151
List the prime factors of 1345105715.
5, 3307, 81349
What are the prime factors of 9042912?
2, 3, 17, 1847
List the prime factors of 398123627.
11, 43, 401, 2099
What are the prime factors of 109911057?
3, 36637019
What are the prime factors of 869351830?
2, 5, 97, 127, 7057
List the prime factors of 500160508.
2, 125040127
What are the prime factors of 27109737?
3, 43, 70051
What are the prime factors of 1286458297?
4679, 274943
List the prime factors of 347447318.
2, 29, 31, 173, 1117
List the prime factors of 4719920709.
3, 7, 2153, 104393
What are the prime factors of 59461927?
7, 751, 11311
List the prime factors of 5214204519.
3, 137, 12686629
List the prime factors of 703671121.
8123, 86627
List the prime factors of 8312614.
2, 19, 23, 9511
List the prime factors of 19151930.
2, 5, 7, 107, 2557
List the prime factors of 826025176.
2, 173, 596839
What are the prime factors of 76868803?
11, 6988073
List the prime factors of 141248292.
2, 3, 43, 331, 827
List the prime factors of 4805930.
2, 5, 31, 37, 419
What are the prime factors of 817290057?
3, 269, 1012751
What are the prime factors of 139959868?
2, 1217, 28751
What are the prime factors of 2226245274?
2, 3, 11, 11243663
List the prime factors of 45067132.
2, 11, 199, 5147
What are the prime factors of 44957437?
7, 1523, 4217
What are the prime factors of 631611965?
5, 17, 19, 103, 3797
List the prime factors of 1011104908.
2, 11, 22979657
What are the prime factors of 3330511489?
61, 103, 113, 4691
What are the prime factors of 1068825022?
2, 8941, 59771
What are the prime factors of 305374883?
11, 251, 110603
What are the prime factors of 216058633?
7, 19, 1624501
What are the prime factors of 5282903924?
2, 401, 487, 6763
List the prime factors of 664827178.
2, 31, 83, 129193
What are the prime factors of 435313432?
2, 29, 103, 18217
What are the prime factors of 219644552?
2, 27455569
List the prime factors of 590192652.
2, 3, 7, 1003729
What are the prime factors of 1677439619?
8831, 189949
List the prime factors of 135250275.
3, 5, 1803337
What are the prime factors of 834774497?
1181, 706837
What are the prime factors of 85430120?
2, 5, 2135753
List the prime factors of 170634856.
2, 7, 211, 2063
List the prime factors of 91412813.
991, 92243
What are the prime factors of 131453629?
199, 769, 859
List the prime factors of 1733520.
2, 3, 5, 31, 233
List the prime factors of 140797807.
103, 109, 12541
What are the prime factors of 113230486?
2, 56615243
What are the prime factors of 54041826?
2, 3, 9006971
What are the prime factors of 70121341?
70121341
List the prime factors of 512203118.
2, 7, 101, 362237
List the prime factors of 8116906732.
2, 11, 184475153
List the prime factors of 82386869.
19, 4336151
List the prime factors of 115878456.
2, 3, 1609423
List the prime factors of 258442325.
5, 2063, 5011
List the prime factors of 490143362.
2, 245071681
What are the prime factors of 143843212?
2, 35960803
List the prime factors of 383574962.
2, 10709, 17909
List the prime factors of 28681025.
5, 67, 17123
List the prime factors of 4622230953.
3, 171193739
What are the prime factors of 295265257?
7, 42180751
What are the prime factors of 711756392?
2, 41, 617, 3517
What are the prime factors of 125502647?
125502647
List the prime factors of 168685529.
168685529
What are the prime factors of 2221464318?
2, 3, 97, 449, 8501
List the prime factors of 88794574.
2, 11, 4036117
List the prime factors of 4457404.
2, 7, 159193
What are the prime factors of 987338054?
2, 89, 5546843
List the prime factors of 1551095497.
7, 221585071
List the prime factors of 1077716414.
2, 18859, 28573
What are the prime factors of 222942085?
5, 44588417
What are the prime factors of 38571750?
2, 3, 5, 7, 31, 79
List the prime factors of 1049826390.
2, 3, 5, 29, 503, 2399
List the prime factors of 1638638129.
37, 193, 229469
List the prime factors of 1289218455.
3, 5, 7, 4092757
List the prime factors of 19894675.
5, 17, 46811
What are the prime factors of 44364195?
3, 5, 985871
What are the prime factors of 1296753682?
2, 7, 197, 470179
What are the prime factors of 496638979?
3719, 133541
What are the prime factors of 380646452?
2, 95161613
List the prime factors of 114347249.
114347249
What are the prime factors of 422270365?
5, 11, 61, 125863
What are the prime factors of 997929357?
3, 332643119
What are the prime factors of 2317417100?
2, 5, 2287, 10133
List the prime factors of 150521180.
2, 5, 37, 107, 1901
List the prime factors of 10582204.
2, 2645551
What are the prime factors of 75613023?
3, 8401447
What are the prime factors of 641833442?
2, 7937, 40433
What are the prime factors of 159128476?
2, 13, 3060163
List the prime fa